{"id":154,"date":"2016-03-14T19:36:20","date_gmt":"2016-03-14T19:36:20","guid":{"rendered":"http:\/\/imcturk-deneme.esy.es\/?page_id=154"},"modified":"2017-04-14T12:31:19","modified_gmt":"2017-04-14T09:31:19","slug":"contact-us","status":"publish","type":"page","link":"https:\/\/ccpb.com.tr\/index.php\/contact-us\/","title":{"rendered":"CONTACT US"},"content":{"rendered":"[vc_row][vc_column width=&#8221;1\/2&#8243;][vc_cta h2=&#8221;Adress&#8221; color=&#8221;turquoise&#8221;]\n<h4 style=\"text-align: center;\"><strong>Ser\u00e7e\u00f6n\u00fc Mah. Ahmet Pa\u015fa Cad.<br \/>\n\u00c7i\u00e7ek \u0130\u015f Merkezi 14\/28<br \/>\nKocasinan \u2013 Kayseri\u00a0\/ T\u00dcRK\u0130YE<\/strong><\/h4>\n<h4 style=\"text-align: center;\"><strong>Phone:\u00a0\u00a00352 2325432<\/strong><\/h4>\n<h4 style=\"text-align: center;\"><strong>Fax:\u00a00352 2325535<\/strong><\/h4>\n<h4 style=\"text-align: center;\">ccpb@ccpb.com.tr<\/h4>\n[\/vc_cta][\/vc_column][vc_column width=&#8221;1\/2&#8243;][vc_single_image image=&#8221;3696&#8243; img_size=&#8221;400&#215;121&#8243; alignment=&#8221;center&#8221; style=&#8221;vc_box_shadow_3d&#8221;][vc_cta h2=&#8221;Our Web Sites&#8221; txt_align=&#8221;center&#8221; color=&#8221;turquoise&#8221;]\n<h4 style=\"text-align: center;\"><\/h4>\n<h4 style=\"text-align: center;\"><a href=\"http:\/\/ccpb.com.tr\/wp\/index.php\/tr\/anasayfa\/\">www.ccpb.com.tr<\/a>\u00a0\/ <a href=\"http:\/\/www.imcturk.org\/index.php\/tr\/anasayfa\/\">www.imcturk.org<\/a> \/\u00a0<a href=\"http:\/\/www.ccpb.it\" target=\"_blank\">www.ccpb.it<\/a><\/h4>\n[\/vc_cta][\/vc_column][\/vc_row][vc_row][vc_column][vc_gmaps link=&#8221;#E-8_JTNDaWZyYW1lJTIwc3JjJTNEJTIyaHR0cHMlM0ElMkYlMkZ3d3cuZ29vZ2xlLmNvbSUyRm1hcHMlMkZlbWJlZCUzRnBiJTNEJTIxMW0xOCUyMTFtMTIlMjExbTMlMjExZDE1NTYuMzY4OTI1MjUzODc4JTIxMmQzNS40ODk5ODEyNjczMTgyOCUyMTNkMzguNzIzODI3Mjc0MzUxNjclMjEybTMlMjExZjAlMjEyZjAlMjEzZjAlMjEzbTIlMjExaTEwMjQlMjEyaTc2OCUyMTRmMTMuMSUyMTNtMyUyMTFtMiUyMTFzMHgxNTJiMTIxMDU5OWIyNTkzJTI1M0EweDZmMDVhNGIxZGJjMDEwYzUlMjEyenc0ZHB3NmRsYXlERXNNV2ZJRTFsY210bGVnJTIxNWUwJTIxM20yJTIxMXN0ciUyMTJzdHIlMjE0djE0NTgxNjYwNDg4MjQlMjIlMjB3aWR0aCUzRCUyMjgwMCUyMiUyMGhlaWdodCUzRCUyMjYwMCUyMiUyMGZyYW1lYm9yZGVyJTNEJTIyMCUyMiUyMHN0eWxlJTNEJTIyYm9yZGVyJTNBMCUyMiUyMGFsbG93ZnVsbHNjcmVlbiUzRSUzQyUyRmlmcmFtZSUzRQ==&#8221; size=&#8221;200&#8243;][\/vc_column][\/vc_row]\n","protected":false},"excerpt":{"rendered":"<p>[vc_row][vc_column width=&#8221;1\/2&#8243;][vc_cta h2=&#8221;Adress&#8221; color=&#8221;turquoise&#8221;] Ser\u00e7e\u00f6n\u00fc Mah. Ahmet Pa\u015fa Cad. \u00c7i\u00e7ek \u0130\u015f Merkezi 14\/28 Kocasinan \u2013 Kayseri\u00a0\/ T\u00dcRK\u0130YE Phone:\u00a0\u00a00352 2325432 Fax:\u00a00352 2325535 ccpb@ccpb.com.tr [\/vc_cta][\/vc_column][vc_column width=&#8221;1\/2&#8243;][vc_single_image image=&#8221;3696&#8243; img_size=&#8221;400&#215;121&#8243; alignment=&#8221;center&#8221; style=&#8221;vc_box_shadow_3d&#8221;][vc_cta h2=&#8221;Our Web Sites&#8221; txt_align=&#8221;center&#8221; color=&#8221;turquoise&#8221;] www.ccpb.com.tr\u00a0\/ www.imcturk.org \/\u00a0www.ccpb.it [\/vc_cta][\/vc_column][\/vc_row][vc_row][vc_column][vc_gmaps link=&#8221;#E-8_JTNDaWZyYW1lJTIwc3JjJTNEJTIyaHR0cHMlM0ElMkYlMkZ3d3cuZ29vZ2xlLmNvbSUyRm1hcHMlMkZlbWJlZCUzRnBiJTNEJTIxMW0xOCUyMTFtMTIlMjExbTMlMjExZDE1NTYuMzY4OTI1MjUzODc4JTIxMmQzNS40ODk5ODEyNjczMTgyOCUyMTNkMzguNzIzODI3Mjc0MzUxNjclMjEybTMlMjExZjAlMjEyZjAlMjEzZjAlMjEzbTIlMjExaTEwMjQlMjEyaTc2OCUyMTRmMTMuMSUyMTNtMyUyMTFtMiUyMTFzMHgxNTJiMTIxMDU5OWIyNTkzJTI1M0EweDZmMDVhNGIxZGJjMDEwYzUlMjEyenc0ZHB3NmRsYXlERXNNV2ZJRTFsY210bGVnJTIxNWUwJTIxM20yJTIxMXN0ciUyMTJzdHIlMjE0djE0NTgxNjYwNDg4MjQlMjIlMjB3aWR0aCUzRCUyMjgwMCUyMiUyMGhlaWdodCUzRCUyMjYwMCUyMiUyMGZyYW1lYm9yZGVyJTNEJTIyMCUyMiUyMHN0eWxlJTNEJTIyYm9yZGVyJTNBMCUyMiUyMGFsbG93ZnVsbHNjcmVlbiUzRSUzQyUyRmlmcmFtZSUzRQ==&#8221; size=&#8221;200&#8243;][\/vc_column][\/vc_row]<\/p>\n","protected":false},"author":1,"featured_media":0,"parent":0,"menu_order":0,"comment_status":"closed","ping_status":"closed","template":"","meta":{"footnotes":""},"class_list":["post-154","page","type-page","status-publish","hentry"],"_links":{"self":[{"href":"https:\/\/ccpb.com.tr\/index.php\/wp-json\/wp\/v2\/pages\/154"}],"collection":[{"href":"https:\/\/ccpb.com.tr\/index.php\/wp-json\/wp\/v2\/pages"}],"about":[{"href":"https:\/\/ccpb.com.tr\/index.php\/wp-json\/wp\/v2\/types\/page"}],"author":[{"embeddable":true,"href":"https:\/\/ccpb.com.tr\/index.php\/wp-json\/wp\/v2\/users\/1"}],"replies":[{"embeddable":true,"href":"https:\/\/ccpb.com.tr\/index.php\/wp-json\/wp\/v2\/comments?post=154"}],"version-history":[{"count":0,"href":"https:\/\/ccpb.com.tr\/index.php\/wp-json\/wp\/v2\/pages\/154\/revisions"}],"wp:attachment":[{"href":"https:\/\/ccpb.com.tr\/index.php\/wp-json\/wp\/v2\/media?parent=154"}],"curies":[{"name":"wp","href":"https:\/\/api.w.org\/{rel}","templated":true}]}}