{"id":21,"date":"2016-03-16T17:42:39","date_gmt":"2016-03-16T15:42:39","guid":{"rendered":"http:\/\/ccpb.com.tr\/wp\/?page_id=21"},"modified":"2024-01-26T10:57:03","modified_gmt":"2024-01-26T07:57:03","slug":"anasayfa","status":"publish","type":"page","link":"https:\/\/ccpb.com.tr\/","title":{"rendered":"Anasayfa"},"content":{"rendered":"[vc_row][vc_column width=&#8221;1\/2&#8243;][vc_column_text]<div id=\"su_slider_69e576ed1b2a0\" class=\"su-slider su-slider-centered su-slider-pages-yes su-slider-responsive-yes su-lightbox-gallery\" style=\"width:100%\" data-autoplay=\"3000\" data-speed=\"600\" data-mousewheel=\"false\"><div class=\"su-slider-slides\"><div class=\"su-slider-slide\"><a href=\"https:\/\/ccpb.com.tr\/wp\/wp-content\/uploads\/1.jpg\"  title=\"1\"><img decoding=\"async\" src=\"https:\/\/ccpb.com.tr\/wp\/wp-content\/uploads\/1-520x300.jpg\" alt=\"1\" \/><\/a><\/div><div class=\"su-slider-slide\"><a href=\"https:\/\/ccpb.com.tr\/wp\/wp-content\/uploads\/4.jpg\"  title=\"4\"><img decoding=\"async\" src=\"https:\/\/ccpb.com.tr\/wp\/wp-content\/uploads\/4-520x300.jpg\" alt=\"4\" \/><\/a><\/div><div class=\"su-slider-slide\"><a href=\"https:\/\/ccpb.com.tr\/wp\/wp-content\/uploads\/3.jpg\"  title=\"3\"><img decoding=\"async\" src=\"https:\/\/ccpb.com.tr\/wp\/wp-content\/uploads\/3-520x300.jpg\" alt=\"3\" \/><\/a><\/div><div class=\"su-slider-slide\"><a href=\"https:\/\/ccpb.com.tr\/wp\/wp-content\/uploads\/5.jpg\"  title=\"5\"><img decoding=\"async\" src=\"https:\/\/ccpb.com.tr\/wp\/wp-content\/uploads\/5-520x300.jpg\" alt=\"5\" \/><\/a><\/div><div class=\"su-slider-slide\"><a href=\"https:\/\/ccpb.com.tr\/wp\/wp-content\/uploads\/2.jpg\"  title=\"2\"><img decoding=\"async\" src=\"https:\/\/ccpb.com.tr\/wp\/wp-content\/uploads\/2-520x300.jpg\" alt=\"2\" \/><\/a><\/div><\/div><div class=\"su-slider-nav\"><div class=\"su-slider-direction\"><span class=\"su-slider-prev\"><\/span><span class=\"su-slider-next\"><\/span><\/div><div class=\"su-slider-pagination\"><\/div><\/div><\/div>[vc_row][vc_column width=&#8221;1\/2&#8243;][vc_column_text][\/vc_column_text][vc_cta h2=&#8221;CCPB\/IMC Kontrol ve Sertifikasyon&#8221; h4=&#8221;Kontrol ve Sertifikasyon Kurulu\u015fu&#8221; color=&#8221;turquoise&#8221;]Akdeniz \u00fclkelerinde tar\u0131msal \u00fcr\u00fcn ve g\u0131da sertifikasyonlar\u0131n\u0131 standart hale getirmeyi ama\u00e7 edinen CCPB, TC Tar\u0131m ve Orman Bakanl\u0131\u011f\u0131\u2019n\u0131n 16504 say\u0131l\u0131 oluru ile her t\u00fcrl\u00fc tar\u0131msal \u00fcr\u00fcn ve g\u0131dan\u0131n organik olarak kontrol ve sertifikasyonu alan\u0131nda faaliyet g\u00f6stermek \u00fczere yerli kurulu\u015f olarak yetkilendirilmi\u015ftir. CCPB\/IMC, T\u00dcRK\u0130YE, d\u0131\u015f\u0131nda ba\u015fta \u0130TALYA olmak \u00fczere FAS, TUNUS, MISIR, ve L\u00dcBNAN\u2019da faaliyet g\u00f6stermektedir.[\/vc_cta][\/vc_column][vc_column width=&#8221;1\/2&#8243;][vc_gmaps link=&#8221;#E-8_JTNDaWZyYW1lJTIwc3JjJTNEJTIyaHR0cHMlM0ElMkYlMkZ3d3cuZ29vZ2xlLmNvbSUyRm1hcHMlMkZlbWJlZCUzRnBiJTNEJTIxMW0xOCUyMTFtMTIlMjExbTMlMjExZDE1NTYuNjA4OTA1NTI0MzI5MiUyMTJkMzUuNDkyNjM2NTU4MDgzNDA0JTIxM2QzOC43MTI4MDc5OTQ4OTk5MSUyMTJtMyUyMTFmMCUyMTJmMCUyMTNmMCUyMTNtMiUyMTFpMTAyNCUyMTJpNzY4JTIxNGYxMy4xJTIxM20zJTIxMW0yJTIxMXMweDE1MmIxMjA5ZWU4ZTQ5OGIlMjUzQTB4ODAzZWMwMTY5N2ZlMGI1JTIxMnNUYWNldHRpbiUyQlZlbGklMjUyQyUyQkRlbGlrbGl0YSUyNUM1JTI1OUYlMkJDZC4lMkJObyUyNTNBMTIlMjUyQyUyQjM4MDUwJTJCTWVsaWtnYXppJTI1MkZLYXlzZXJpJTIxNWUwJTIxM20yJTIxMXN0ciUyMTJzdHIlMjE0djE0NzUwOTc2NDYwOTAlMjIlMjB3aWR0aCUzRCUyMjYwMCUyMiUyMGhlaWdodCUzRCUyMjQ1MCUyMiUyMGZyYW1lYm9yZGVyJTNEJTIyMCUyMiUyMHN0eWxlJTNEJTIyYm9yZGVyJTNBMCUyMiUyMGFsbG93ZnVsbHNjcmVlbiUzRSUzQyUyRmlmcmFtZSUzRQ==&#8221; size=&#8221;150&#215;200&#8243;][\/vc_column][\/vc_row][vc_row][vc_column][vc_separator color=&#8221;turquoise&#8221; style=&#8221;shadow&#8221; border_width=&#8221;3&#8243;][\/vc_column][\/vc_row][vc_row][vc_column width=&#8221;1\/3&#8243;][vc_single_image image=&#8221;3480&#8243; img_size=&#8221;400&#215;250&#8243; alignment=&#8221;center&#8221; style=&#8221;vc_box_shadow_3d&#8221;][vc_column_text]<b>Organik Tar\u0131m :<br \/>\n<\/b>CCPB, uluslar aras\u0131 normlar ve farkl\u0131 \u00fclkelerin d\u00fczenlemelerine g\u00f6re geli\u015ftirdi\u011fi sistemler \u0131\u015f\u0131\u011f\u0131nda\u00a0 Organik Tar\u0131m Kanunu ve ilgili y\u00f6netmelikler \u00e7er\u00e7evesinde organik tar\u0131m kontrol ve sertifikasyonu i\u00e7in TC Tar\u0131m ve Orman Bakanl\u0131\u011f\u0131 taraf\u0131ndan yetkilendirilmi\u015ftir. CCPB, her t\u00fcrl\u00fc tar\u0131msal \u00fcr\u00fcn ve g\u0131da \u00fcreticilerinin, ithalat\/ihracat firmalar\u0131n\u0131n \u00fcr\u00fcnlerini, sistemlerini, tesislerini ve sat\u0131\u015f yerlerini Organik Tar\u0131m Sertifikasyonuna uygun olarak sertifikaland\u0131rmaktad\u0131r.[\/vc_column_text][\/vc_column][vc_column width=&#8221;1\/3&#8243;][vc_single_image image=&#8221;3545&#8243; img_size=&#8221;400&#215;250&#8243; alignment=&#8221;center&#8221; style=&#8221;vc_box_shadow_3d&#8221;][vc_column_text]<b>Faliyetlerimiz :<\/b><b><br \/>\n<\/b>CCPB taraf\u0131ndan ger\u00e7ekle\u015ftirilen sertifikasyon faaliyetleri tar\u0131msal g\u0131da end\u00fcstrisinde bir\u00e7ok alan\u0131\u00a0 kapsamaktad\u0131r. CCPB, Sertifikasyon, \u00fcr\u00fcn-i\u015fleme sertifikasyonlar\u0131 ve kalite-\u00e7evre y\u00f6netim sistemleri sertifikasyonunu i\u00e7eren tar\u0131m ve g\u0131da end\u00fcstrisi, restoranlar ve konaklama sekt\u00f6r\u00fcnde faaliyet g\u00f6steren ba\u015fta \u0130talya olmak \u00fczere Avrupal\u0131 ve di\u011fer uluslararas\u0131 kurulu\u015flar taraf\u0131ndan talep edilen kapsaml\u0131 sertifikasyon hizmetlerini yerine getirmektedir.[\/vc_column_text][\/vc_column][vc_column width=&#8221;1\/3&#8243;][vc_single_image image=&#8221;3478&#8243; img_size=&#8221;400&#215;250&#8243; alignment=&#8221;center&#8221; style=&#8221;vc_box_shadow_3d&#8221;][vc_column_text]<b>Ba\u015fvurular :<br \/>\n<\/b>Organik tar\u0131m ba\u015fvurusu ile ilgili sertifikasyon program\u0131n\u0131 se\u00e7tikten sonra, formu doldurarak(faks, e-posta veya posta vb.) bize g\u00f6ndermeniz halinde en k\u0131sa s\u00fcrede size detayl\u0131 \u00fccretlendirme ve CCPB kontrol sistemine girebilmek i\u00e7in ba\u015fvurudan kabule kadar olan genel prosed\u00fcrler ve kontrol ve sertifikasyon sisteminin i\u015fleyi\u015fi ile ilgili belgeler iletilecektir.[\/vc_column_text][\/vc_column][\/vc_row]\n","protected":false},"excerpt":{"rendered":"<p>[vc_row][vc_column width=&#8221;1\/2&#8243;][vc_column_text][vc_row][vc_column width=&#8221;1\/2&#8243;][vc_column_text][\/vc_column_text][vc_cta h2=&#8221;CCPB\/IMC Kontrol ve Sertifikasyon&#8221; h4=&#8221;Kontrol ve Sertifikasyon Kurulu\u015fu&#8221; color=&#8221;turquoise&#8221;]Akdeniz \u00fclkelerinde tar\u0131msal \u00fcr\u00fcn ve g\u0131da sertifikasyonlar\u0131n\u0131 standart hale getirmeyi ama\u00e7 edinen CCPB, TC Tar\u0131m ve Orman Bakanl\u0131\u011f\u0131\u2019n\u0131n 16504 say\u0131l\u0131 oluru ile her t\u00fcrl\u00fc tar\u0131msal \u00fcr\u00fcn ve g\u0131dan\u0131n organik olarak kontrol ve sertifikasyonu alan\u0131nda faaliyet g\u00f6stermek \u00fczere yerli kurulu\u015f olarak yetkilendirilmi\u015ftir. CCPB\/IMC, T\u00dcRK\u0130YE, d\u0131\u015f\u0131nda [&hellip;]<\/p>\n","protected":false},"author":1,"featured_media":0,"parent":0,"menu_order":0,"comment_status":"closed","ping_status":"closed","template":"","meta":{"footnotes":""},"class_list":["post-21","page","type-page","status-publish","hentry"],"_links":{"self":[{"href":"https:\/\/ccpb.com.tr\/index.php\/wp-json\/wp\/v2\/pages\/21"}],"collection":[{"href":"https:\/\/ccpb.com.tr\/index.php\/wp-json\/wp\/v2\/pages"}],"about":[{"href":"https:\/\/ccpb.com.tr\/index.php\/wp-json\/wp\/v2\/types\/page"}],"author":[{"embeddable":true,"href":"https:\/\/ccpb.com.tr\/index.php\/wp-json\/wp\/v2\/users\/1"}],"replies":[{"embeddable":true,"href":"https:\/\/ccpb.com.tr\/index.php\/wp-json\/wp\/v2\/comments?post=21"}],"version-history":[{"count":3,"href":"https:\/\/ccpb.com.tr\/index.php\/wp-json\/wp\/v2\/pages\/21\/revisions"}],"predecessor-version":[{"id":3960,"href":"https:\/\/ccpb.com.tr\/index.php\/wp-json\/wp\/v2\/pages\/21\/revisions\/3960"}],"wp:attachment":[{"href":"https:\/\/ccpb.com.tr\/index.php\/wp-json\/wp\/v2\/media?parent=21"}],"curies":[{"name":"wp","href":"https:\/\/api.w.org\/{rel}","templated":true}]}}