{"id":26,"date":"2016-03-14T15:24:28","date_gmt":"2016-03-14T15:24:28","guid":{"rendered":"http:\/\/imcturk-deneme.esy.es\/?page_id=11"},"modified":"2024-01-23T13:09:11","modified_gmt":"2024-01-23T10:09:11","slug":"hizmetlerimiz","status":"publish","type":"page","link":"https:\/\/ccpb.com.tr\/index.php\/hizmetlerimiz\/","title":{"rendered":"Hizmetlerimiz"},"content":{"rendered":"[vc_row][vc_column][vc_cta h2=&#8221;CCPB Olarak Hizmetlerimiz&#8221; color=&#8221;turquoise&#8221;]CCPB, Sertifikasyon, \u00fcr\u00fcn-i\u015fleme sertifikasyonlar\u0131 ve kalite-\u00e7evre y\u00f6netim sistemleri sertifikasyonunu i\u00e7eren tar\u0131m ve g\u0131da end\u00fcstrisi, restoranlar ve konaklama sekt\u00f6r\u00fcnde faaliyet g\u00f6steren ba\u015fta \u0130talya olmak \u00fczere Avrupal\u0131 ve di\u011fer uluslararas\u0131 kurulu\u015flar taraf\u0131ndan talep edilen kapsaml\u0131 sertifikasyon hizmetlerini yerine getirmektedir. Kontrol ve sertifikasyon prosed\u00fcrleri; uluslararas\u0131 standartlarda yerel ve nitelikli personelimiz taraf\u0131ndan ulusal ve uluslararas\u0131 d\u00fczeyde akredite olmu\u015f ofis ve kurulu\u015flar vas\u0131tas\u0131yla yerine getirilmektedir.[\/vc_cta][vc_separator color=&#8221;turquoise&#8221; style=&#8221;shadow&#8221; border_width=&#8221;3&#8243;][\/vc_column][\/vc_row][vc_row][vc_column width=&#8221;1\/2&#8243;][vc_column_text]\n<ul>\n<li><strong><a href=\"http:\/\/ccpb.com.tr\/wp\/index.php\/tr\/hizmetlerimiz\/organik-tarim\/\">ORGAN\u0130K TARIM<\/a><\/strong><\/li>\n<li><strong>ISO 9000<\/strong><\/li>\n<li><strong>ISO 14000<\/strong><\/li>\n<li><strong>ISO 22000<\/strong><\/li>\n<li><strong>\u0130ZLENEB\u0130L\u0130RL\u0130K Z\u0130NC\u0130R\u0130<\/strong><\/li>\n<li><strong>HAZIR YEMEK VE RESTORAN SERT\u0130F\u0130KASYONU<\/strong><\/li>\n<\/ul>\n[\/vc_column_text][\/vc_column][vc_column width=&#8221;1\/2&#8243;][vc_single_image image=&#8221;3545&#8243; img_size=&#8221;533&#215;300&#8243; alignment=&#8221;center&#8221; style=&#8221;vc_box_shadow_3d&#8221;][\/vc_column][\/vc_row]\n","protected":false},"excerpt":{"rendered":"<p>[vc_row][vc_column][vc_cta h2=&#8221;CCPB Olarak Hizmetlerimiz&#8221; color=&#8221;turquoise&#8221;]CCPB, Sertifikasyon, \u00fcr\u00fcn-i\u015fleme sertifikasyonlar\u0131 ve kalite-\u00e7evre y\u00f6netim sistemleri sertifikasyonunu i\u00e7eren tar\u0131m ve g\u0131da end\u00fcstrisi, restoranlar ve konaklama sekt\u00f6r\u00fcnde faaliyet g\u00f6steren ba\u015fta \u0130talya olmak \u00fczere Avrupal\u0131 ve di\u011fer uluslararas\u0131 kurulu\u015flar taraf\u0131ndan talep edilen kapsaml\u0131 sertifikasyon hizmetlerini yerine getirmektedir. Kontrol ve sertifikasyon prosed\u00fcrleri; uluslararas\u0131 standartlarda yerel ve nitelikli personelimiz taraf\u0131ndan ulusal ve uluslararas\u0131 [&hellip;]<\/p>\n","protected":false},"author":1,"featured_media":0,"parent":0,"menu_order":0,"comment_status":"closed","ping_status":"closed","template":"","meta":{"footnotes":""},"class_list":["post-26","page","type-page","status-publish","hentry"],"_links":{"self":[{"href":"https:\/\/ccpb.com.tr\/index.php\/wp-json\/wp\/v2\/pages\/26"}],"collection":[{"href":"https:\/\/ccpb.com.tr\/index.php\/wp-json\/wp\/v2\/pages"}],"about":[{"href":"https:\/\/ccpb.com.tr\/index.php\/wp-json\/wp\/v2\/types\/page"}],"author":[{"embeddable":true,"href":"https:\/\/ccpb.com.tr\/index.php\/wp-json\/wp\/v2\/users\/1"}],"replies":[{"embeddable":true,"href":"https:\/\/ccpb.com.tr\/index.php\/wp-json\/wp\/v2\/comments?post=26"}],"version-history":[{"count":2,"href":"https:\/\/ccpb.com.tr\/index.php\/wp-json\/wp\/v2\/pages\/26\/revisions"}],"predecessor-version":[{"id":3953,"href":"https:\/\/ccpb.com.tr\/index.php\/wp-json\/wp\/v2\/pages\/26\/revisions\/3953"}],"wp:attachment":[{"href":"https:\/\/ccpb.com.tr\/index.php\/wp-json\/wp\/v2\/media?parent=26"}],"curies":[{"name":"wp","href":"https:\/\/api.w.org\/{rel}","templated":true}]}}